 What is the tens digit of q?
3
Let b be (-468)/3 + (-4 - (-2 + 1)). Suppose x + 0*x + 97 = 0. Let t = x - b. What is the tens digit of t?
6
Suppose -16*y + 52 = -12*y. Let p(q) = -7 + y*q - 3 + 7. What is the tens digit of p(4)?
4
Let j = 2236 - 592. What is the thousands digit of j?
1
Suppose 4*i = o - 3*o + 1584, -5*i + 5*o = -1950. What is the units digit of i?
4
Suppose -3*w + 4*w - 1277 = 5*j, -2*j - 2514 = -2*w. What is the thousands digit of w?
1
Suppose 6*y - 20866 - 9056 = 0. What is the hundreds digit of y?
9
Let q(z) = -z**3 - 2*z**2 + 3*z - 4. Let x be q(-3). Let n be (3 - 9)/(x/6). What is the units digit of (-15)/(n/6*-1)?
0
Let n(r) = 25*r + 19. Let m be n(7). Suppose 0 = 20*d - 22*d + m. What is the units digit of d?
7
Suppose -1875 = 2*v - 7*v. Suppose -1097 = -3*d + 5*t, -2*t - v = -d + 2*t. What is the tens digit of d?
5
Let r be ((-1)/(-2))/((-6)/(-1380)). Suppose 3*h - 5*d - r = 3, -5*h = -3*d - 186. What is the tens digit of h?
3
Let r(i) = -3*i**3 - i**2 + 1. Let a be r(-1). Suppose -g - 5*n = -42, -4*n - n + 126 = a*g. What is the tens digit of g?
4
Let u be -53*(-4 - (-6 + 3)). Let s = u - -11. What is the units digit of s?
4
Let j = -20 - -17. Let s be j*4/(7 + -3). Let l(y) = y**3 + 4*y**2 - y - 1. What is the tens digit of l(s)?
1
Let b = 24 + 0. Let k = b - -96. Suppose 2*v = -3*v + 5*g + k, -3*v + 64 = 5*g. What is the tens digit of v?
2
Suppose -3*x = -f + 587, -3*f + 1779 = 40*x - 43*x. What is the tens digit of f?
9
What is the thousands digit of 584/876*6936/((-4)/(-2))?
2
Let p(o) = -o**3 - 4*o**2 + 4*o + 1. Let m be p(-5). Suppose m*r - 133 = 287. What is the tens digit of (-1)/((-1)/r) + -2?
6
Let t = -470 + 540. What is the tens digit of t?
7
Let c(a) = -a**2 - 3*a + 2. Let n be c(-5). Suppose w = -33 + 10. Let t = n - w. What is the tens digit of t?
1
What is the thousands digit of (2/(-4))/(4 + (-78948)/19736)?
2
Let u = 9 + -14. What is the units digit of (-239)/u - ((-9)/(-5) + -2)?
8
Let b(y) = y**2 - y - 2. Let m be b(-2). Suppose -5*t = -m*n - 0*n + 126, -5*n - 5*t + 180 = 0. What is the tens digit of n?
3
Let f(v) = 34*v - 332. What is the tens digit of f(39)?
9
Let d = 799 - 531. Let w be d/(-6)*(-6 + 3). Let h = w - 96. What is the tens digit of h?
3
Suppose -204 = 4*b - 6*b. Let r = 68 + b. What is the tens digit of r?
7
Suppose 0 = -4*v + 8, 2*v = -4*y - v - 2. Let l = 7 + y. Suppose 75 + 80 = l*k. What is the tens digit of k?
3
Let b(i) = i + 1 - i**2 + 3*i**2 + 3*i**2 - 2*i**2. Let l be b(-2). Let y = l - 1. What is the tens digit of y?
1
Suppose b + b - 6 = -2*z, -2*z - 5*b = 0. Suppose 0 = 5*o - y - z, -2*y + 14 = o + o. What is the units digit of o?
2
Suppose j = -t + 954, j + 3*t - 747 - 203 = 0. What is the tens digit of j?
5
Let d(r) = -3*r - 3. Let u be d(7). Let n = u - -34. Let b = n - -8. What is the units digit of b?
8
What is the units digit of (-72)/(-432) + (1 - 17171/(-6))?
3
Suppose -2118 = -2*q - 2*b, 0*b - 2110 = -2*q + 2*b. What is the tens digit of q?
5
Let r(j) = -4*j - 1. Suppose 0 = 2*l - 4, -3*h - 4*l = -4*h. Suppose -5*d = 3*y + h, y + 3*d + 0*d = 0. What is the units digit of r(y)?
3
Let p = -503 - -989. What is the tens digit of p?
8
Suppose 0 = 19*b - 17*b - 514. What is the units digit of b?
7
Suppose 5*p + 15 = 0, -2*h - 2*h = -p - 79. Let d(g) = g**2 - 17*g - 19. What is the units digit of d(h)?
9
Let o(k) = -16*k**3 + 9*k**2 + 6*k - 29. What is the units digit of o(-5)?
6
What is the hundreds digit of (-8)/(-28) + (-16777)/(-7) + -1?
3
Let c(z) = -z**3 + 8*z**2 + z - 9. Let n = 151 - 145. What is the tens digit of c(n)?
6
Let b be (-3 + 2)*4/(-2). Suppose 0 = b*q + 2*q - 8. Let n = q + 17. What is the tens digit of n?
1
Suppose -5*d - 59 = -184. Let b = d + -14. Suppose -3*t - 2*h = -5 - 4, -4*t + 5*h = b. What is the units digit of t?
1
Let s = 15 + 10. Suppose -21*g - 168 = -s*g. What is the units digit of g?
2
What is the units digit of 5848/15 + (-18)/(-135)?
0
Let q(l) be the first derivative of -l**7/210 - l**6/360 - l**5/120 + 2*l**3 + 1. Let x(y) be the third derivative of q(y). What is the units digit of x(-2)?
0
Suppose 3 - 48 = 5*u. Let w(v) = -v**2 - 10*v - 4. Let d be w(u). Let l(y) = 2*y**2 - 8*y + 7. What is the units digit of l(d)?
7
Suppose -x + 3*c = 37, 0*x - 181 = 4*x - c. Let r be (-9 - (-1)/1)*3. Let f = r - x. What is the tens digit of f?
2
Suppose 3*d - 172 = 119. Suppose 9*v = 164 + d. What is the units digit of v?
9
Suppose 34*x - 33*x = -22. What is the units digit of (-1705)/x*8/10?
2
Let y = -1785 + 2636. What is the tens digit of y?
5
Let a = -5100 + 8169. What is the tens digit of a?
6
Let z(y) be the third derivative of 1/60*y**6 + 0 - 10*y**2 - 1/8*y**4 + 0*y + 1/30*y**5 + 0*y**3. What is the units digit of z(2)?
8
Suppose -a = -11 + 8. Suppose -8*f = -a*f + 3*d - 382, 0 = -5*f + 2*d + 387. What is the tens digit of f?
7
Suppose -13*p = -15*p + 1618. What is the hundreds digit of p?
8
Suppose 0 = 5*z - 3*z, -4*z + 773 = b. What is the hundreds digit of b?
7
Suppose -2*j - 5*g = -g + 1012, -2*j + 5*g - 1048 = 0. Let h = j - -724. What is the units digit of h?
0
Suppose 0 = -5*w - 2*i + 1058, -5*w + 0*w + 1062 = 3*i. Suppose w = -0*o + 2*o. Suppose -3*l - 33 = -o. What is the units digit of l?
4
Let v(b) = 3*b**3 - 15*b - 5. What is the units digit of v(6)?
3
Let h(m) = 43*m - 91. What is the tens digit of h(3)?
3
Suppose 0 = 4*o + 5 - 25. Suppose 0*g + o*g = 0. Suppose 4*f + 0*f - 200 = g. What is the units digit of f?
0
Suppose -x + 192 = 4*m, 78 = 2*m - 4*x - 0*x. What is the tens digit of m?
4
Let c(j) = 3*j**2 + 5*j + 5 + 3 + 1 - 12. Let w be c(-4). Let y = w - -4. What is the units digit of y?
9
Suppose -j = -1 - 0, 4*s + 3*j = 35. Suppose 0 = d - 4*y - s, 0 = -d - 3*d - y + 83. What is the units digit of d/15*(-18)/(-4)?
6
Let u = 1066 - -3018. What is the units digit of u?
4
Let d = 418 + -362. What is the units digit of d?
6
Suppose -o = -8*o + 644. Let c = -42 + o. What is the tens digit of c?
5
Let a = -33 + 107. Let v be (-1)/((-1)/a)*-2. What is the units digit of v/(-6) - 6/(-18)?
5
Let z = -374 + 818. Suppose 0 = -4*v + v + z. What is the tens digit of v?
4
Let a(z) = -z**3 - 10*z**2 - 11*z - 2. Let h(m) = -m**2 - 7*m - 15. Let j be h(-6). Let k be a(j). Suppose -2*c + c = -k. What is the tens digit of c?
1
What is the units digit of (-1 - -2)/((-32)/(-58624))?
2
Let f = -15 - 14. What is the units digit of (-15)/12*-4 - f?
4
What is the units digit of (2492/(-6))/(82/(-123))?
3
Let r be 2 + 0 - (3 - 0). Let h(a) = -6*a + a + 65*a**2 - 3 + 3*a + 2. What is the units digit of h(r)?
6
Let y = 931 - 398. What is the units digit of y?
3
Let y(k) = -47*k - 1. Let u be y(-1). Let m = u - 44. What is the units digit of m?
2
Let h(a) = a**3 - a**2 - a + 1. Let c(l) = 4*l**2 - 4*l - 1. Let w(x) = c(x) - h(x). Let n be w(4). Suppose 21 - 3 = n*k. What is the units digit of k?
9
Suppose -5*n = -5, 2*n + 1 = j - 2. Suppose 5*m - 313 - 542 = -j*z, -3*z + 343 = 2*m. What is the hundreds digit of m?
1
Suppose 0 = -4*n + p + 4759, -3 + 6 = -p. What is the units digit of n?
9
Suppose -5*v + 3*i - 2 = 0, v - 15 = -3*i - 1. What is the units digit of 4 + v/(-3)*3 - -141?
3
Suppose -5*l + 1093 + 1327 = 0. What is the tens digit of l?
8
Let r be (-2)/(((-3)/(-1))/9). Let o = r - -33. Let a = -23 + o. What is the units digit of a?
4
Let c(x) = -2*x - 1. Let m be c(-4). Let v(k) = -k**3 + k. Let p be v(-1). Suppose p = 5*j - m*j + 4. What is the units digit of j?
2
Suppose -3*j = -t + 13, -t - 19 = -5*t + j. Suppose -2*i - 50 = -c - 4*i, t*c + 3*i = 210. What is the tens digit of c?
5
What is the units digit of ((-3)/(-2))/(6/2288)?
2
Let u be (-606)/(-66) + (-2)/11. Suppose -3*r - u = 0, -l - 6*r = -r - 48. Suppose 0 = 4*t + 5*q - 269, -t + 3*q + l = 17. What is the tens digit of t?
6
Let g = -1060 + 1249. What is the hundreds digit of g?
1
Suppose 0 = -2*b + 5*b + 10*b. Suppose b = -4*j + 2*m + 812, 5*j = -2*m + 5*m + 1016. What is the tens digit of j?
0
Let c(p) = -p**3 - 7*p**2 - 7*p + 37. What is the tens digit of c(-6)?
4
Let d(w) = 84*w**3 - 5*w**2 + 5*w + 6. Let q(g) = g**3 + g**2 - g - 1. Let y(c) = -d(c) - 4*q(c). What is the tens digit of y(-1)?
8
Let c(o) = 161*o**3 + 2*o**2 + 5*o - 27. What is the tens digit of c(3)?
5
